of 16?
False
Does 2 divide 117?
False
Is 6545 a multiple of 10?
False
Is 416 a multiple of 241?
False
Is 508 a multiple of 10?
False
Does 134 divide 6442?
False
Is 64 a factor of 70272?
True
Is 215 a factor of 71861?
False
Does 5 divide 4618?
False
Is 119 even?
False
Does 32 divide 469?
False
Is 7 a factor of 18875?
False
Is 9779 a multiple of 137?
False
Does 11 divide 21688?
False
Is 287 a multiple of 7?
True
Is 26 a factor of 19457?
False
Is 858 a multiple of 66?
True
Is 15 a factor of 30000?
True
Does 31 divide 910?
False
Is 96 a factor of 325?
False
Is 99 a factor of 702?
False
Is 63 a multiple of 26?
False
Does 9 divide 414?
True
Is 9 a factor of 1296?
True
Is 24180 a multiple of 31?
True
Does 16 divide 5715?
False
Is 566 a multiple of 15?
False
Is 1064 a multiple of 3?
False
Is 10 a factor of 25450?
True
Does 14 divide 266?
True
Is 5420 a multiple of 10?
True
Does 38 divide 5054?
True
Is 36 a factor of 10440?
True
Is 10259 a multiple of 9?
False
Is 9 a factor of 54?
True
Is 270 a factor of 23131?
False
Does 21 divide 45108?
True
Is 1452 a multiple of 4?
True
Is 25 a factor of 600?
True
Is 34 a factor of 238?
True
Is 800 a multiple of 20?
True
Is 88 a factor of 98?
False
Does 155 divide 10704?
False
Is 26 a factor of 10902?
False
Is 1376 a multiple of 16?
True
Is 174 a multiple of 6?
True
Is 4 a factor of 3687?
False
Is 121 a factor of 67034?
True
Does 31 divide 961?
True
Does 12 divide 50?
False
Does 32 divide 2161?
False
Is 10428 a multiple of 28?
False
Is 93 a factor of 12497?
False
Does 44 divide 3300?
True
Is 350 even?
True
Does 58 divide 977?
False
Is 2280 a multiple of 76?
True
Is 9 a factor of 616?
False
Is 13 a factor of 1118?
True
Is 429 a multiple of 39?
True
Is 2 a factor of 249?
False
Is 294 a multiple of 21?
True
Is 31 a factor of 42808?
False
Does 128 divide 20096?
True
Is 4185 a multiple of 3?
True
Is 113 a multiple of 79?
False
Is 66 a factor of 1980?
True
Is 24 a factor of 2928?
True
Is 6 a factor of 2208?
True
Does 4 divide 16?
True
Does 145 divide 69455?
True
Is 2574 a multiple of 24?
False
Is 1176 a multiple of 19?
False
Is 1872 a multiple of 16?
True
Does 47 divide 12749?
False
Does 151 divide 19611?
False
Is 3143 a multiple of 12?
False
Is 39 a factor of 370?
False
Does 65 divide 91472?
False
Is 589 a multiple of 31?
True
Is 2533 a multiple of 39?
False
Is 14 a factor of 238?
True
Is 19468 a multiple of 5?
False
Is 28 a factor of 224?
True
Does 39 divide 446?
False
Is 153 a multiple of 12?
False
Does 77 divide 100480?
False
Does 77 divide 1104?
False
Is 48 a factor of 26949?
False
Is 4 a factor of 25288?
True
Is 2871 a multiple of 78?
False
Is 2 a factor of 3672?
True
Is 29 even?
False
Is 1032 a multiple of 4?
True
Is 40250 a multiple of 14?
True
Does 14 divide 1134?
True
Is 30 a factor of 5310?
True
Is 808 a multiple of 8?
True
Does 20 divide 6027?
False
Is 29 a factor of 112?
False
Does 4 divide 1454?
False
Is 9626 a multiple of 151?
False
Is 16 a factor of 1225?
False
Is 21 a factor of 3507?
True
Does 57 divide 815?
False
Is 11 a factor of 1111?
True
Does 110 divide 13506?
False
Is 1061 a multiple of 15?
False
Is 22 a factor of 812?
False
Does 27 divide 90?
False
Is 114 a factor of 4964?
False
Is 1364 a multiple of 124?
True
Does 21 divide 1274?
False
Does 19 divide 13623?
True
Is 10 a factor of 3843?
False
Is 9 a factor of 1230?
False
Does 22 divide 1117?
False
Is 46 a factor of 3358?
True
Does 8 divide 1016?
True
Is 11 a factor of 3028?
False
Is 31 a factor of 14393?
False
Is 49 a factor of 294?
True
Is 539 a multiple of 30?
False
Is 392 a multiple of 28?
True
Does 7 divide 6845?
False
Does 421 divide 21740?
False
Is 514 a multiple of 22?
False
Does 62 divide 744?
True
Is 8 a factor of 21682?
False
Is 53724 a multiple of 10?
False
Is 8360 a multiple of 91?
False
Is 69 a factor of 9039?
True
Is 157 a factor of 14444?
True
Does 3 divide 35?
False
Is 12 a factor of 336?
True
Is 370 a multiple of 7?
False
Is 22458 a multiple of 57?
True
Is 15 a factor of 11037?
False
Is 69 a factor of 26395?
False
Is 4405 a multiple of 105?
False
Is 144 a multiple of 8?
True
Is 31 a factor of 4007?
False
Does 22 divide 1056?
True
Does 24 divide 41594?
False
Is 16 a factor of 220?
False
Is 17 a factor of 297?
False
Is 18525 a multiple of 15?
True
Does 11 divide 992?
False
Does 11 divide 58970?
False
Does 9 divide 981?
True
Is 798 a multiple of 38?
True
Does 34 divide 8636?
True
Does 55 divide 11990?
True
Is 193 even?
False
Is 8 a factor of 66640?
True
Is 50 a factor of 600?
True
Does 14 divide 42370?
False
Is 20 a factor of 67442?
False
Is 11 a factor of 7312?
False
Is 676 a multiple of 27?
False
Does 9 divide 1269?
True
Is 87754 a multiple of 34?
True
Is 62 a factor of 10850?
True
Is 1116 a multiple of 12?
True
Is 6974 a multiple of 18?
False
Does 34 divide 2864?
False
Does 12 divide 3881?
False
Does 8 divide 35148?
False
Does 21 divide 19824?
True
Does 145 divide 23342?
False
Is 576 a multiple of 72?
True
Is 29968 a multiple of 16?
True
Is 11482 a multiple of 56?
False
Is 2350 a multiple of 47?
True
Is 45276 a multiple of 33?
True
Does 13 divide 96148?
True
Is 5263 a multiple of 92?
False
Is 57 a factor of 68514?
True
Is 22 a factor of 4224?
True
Is 19755 a multiple of 53?
False
Is 54 a multiple of 18?
True
Is 67474 a multiple of 22?
True
Is 23 a factor of 213?
False
Does 60 divide 144?
False
Is 272 a multiple of 89?
False
Is 10283 a multiple of 13?
True
Is 14 a factor of 1896?
False
Does 39 divide 394?
False
Does 213 divide 24921?
True
Is 259 a multiple of 23?
False
Does 14 divide 754?
False
Does 18 divide 828?
True
Is 37 a factor of 4736?
True
Does 84 divide 138096?
True
Does 51 divide 255?
True
Is 26 a factor of 71415?
False
Is 252 a multiple of 7?
True
Does 25 divide 225?
True
Does 135 divide 11949?
False
Does 5 divide 142?
False
Is 1470 a multiple of 21?
True
Is 461 a multiple of 49?
False
Is 6151 a multiple of 23?
False
Is 9521 a multiple of 7?
False
Is 3196 a multiple of 68?
True
Is 51204 a multiple of 17?
True
Does 42 divide 5274?
False
Is 34 a factor of 408?
True
Is 28 a factor of 7980?
True
Is 1692 a multiple of 18?
True
Is 3948 a multiple of 21?
True
Is 34 a factor of 2278?
True
Does 44 divide 2576?
False
Is 20 a factor of 7680?
True
Does 133 divide 3325?
True
Is 28 a factor of 2492?
True
Does 39 divide 89685?
False
Does 44 divide 3345?
False
Is 2262 a multiple of 58?
True
Is 11 a factor of 753?
False
Does 167 divide 52271?
True
Is 35000 a multiple of 280?
True
Does 5 divide 19320?
True
Is 7007 a multiple of 140?
False
Does 111 divide 1497?
False
Does 65 divide 3120?
True
Is 1230 a multiple of 15?
True
Is 1113 a multiple of 53?
True
Is 34 a factor of 7106?
True
Is 62 a factor of 30194?
True
Is 41209 a multiple of 7?
True
Is 271 a multiple of 5?
False
Is 9 a factor of 1413?
True
Does 42 divide 40885?
False
Is 3 a factor of 105?
True
Is 2 a factor of 7308?
True
Is 9 a factor of 5873?
False
Is 9 a factor of 800?
False
Is 639 a multiple of 14?
False
Does 10 divide 1140?
True
Is 76 a factor of 5617?
False
Is 6874 a multiple of 44?
False
Is 11561 a multiple of 11?
True
Is 10 a factor of 14934?
False
Is 50856 a multiple of 326?
True
Is 55 a factor of 3983?
False
Does 4 divide 3174?
False
Does 5 divide 3384?
False
Does 22 divide 3080?
True
Is 615 a multiple of 27?
False
Is 19 a factor of 3154?
True
Does 12 divide 41916?
True
Does 26 divide 16110?
False
Is 4 a factor of 44615?
False
Does 7 divide 10311?
True
Does 23 divide 10879?
True
Does 146 divide 1248?
False
Is 175 a multiple of 8?
False
Is 11052 a multiple of 9?
True
Is 7224 a multiple of 56?
True
Does 3 divide 238?
False
Is 35 a factor of 32340?
True
Does 19 divide 65911?
True
Is 635 a multiple of 11?
False
Does 20 divide 6000?
True
Is 13 a factor of 19175?
True
Is 20562 a multiple of 93?
False
Is 13 a factor of 1027?
True
Does 11 divide 777?
False
Is 137 a factor of 3271?
False
Is 218 a factor of 34798?
False
Does 11 divide 6746?
False
Is 8823 a multiple of 15?
False
Does 5 divide 1828?
False
Does 67 divide 56481?
True
Does 87 divide 13080?
False
Is 17 a factor of 68?
True
Is 12 a factor of 24216?
True
Is 183 a factor of 22729?
False
Does 10 divide 88114?
False
Is 3201 a multiple of 3?
True
Is 25875 a multiple of 75?
True
Does 23 divide 16238?
True
Is 24 a factor of 